8. Let n(o) = -6*c(o) + u(o). Let f(d) = -d - 2. Let b(g) = -2*f(g) - n(g). Give b(-3).
-19
Let g = -6 + 6. Let d(s) = -145 + 411 - 140 - 145 - s + 2*s. What is d(g)?
-19
Let i(z) = -35*z + 47. Let t(g) = -259*g + 331. Let v(q) = 15*i(q) - 2*t(q). Calculate v(7).
-6
Let u(k) = 6 - 14412*k + 7204*k + 7207*k. Let r be -3 + 2*(-1)/(-2). Let j be r - 1*(3 + -11). Calculate u(j).
0
Let o(x) be the first derivative of -x**3/3 - 8*x**2 - 7*x + 1647. Determine o(-6).
53
Let l = -5590 + 5584. Let d(h) = 8*h + 16. Let p(v) = -2*v - 4. Let x(u) = 2*d(u) + 9*p(u). What is x(l)?
8
Let f(j) = j**2 - 3*j + 3. Suppose 5*r - 5*o + 4*o - 18 = 0, 4*r - 2*o = 18. Let m be f(r). Let w(b) = -4*b**2 - 8*b**2 + 1 + m*b**2 + 2*b. Determine w(-1).
-10
Suppose 2*h + 8 = 0, 0 = -3*i + 5*h + 31 - 5. Let q(p) be the first derivative of -11 - 12*p**2 + 2*p - 9*p**2 + 26*p**i. Give q(2).
22
Let l(v) = -35*v - 424. Let i be (-5040)/(-945) - (-104)/(-6). What is l(i)?
-4
Let u be 35*(-23 - -10)/(-13)*(-1 - 0). Let d(h) = -h**3 - 36*h**2 - 40*h - 171. Give d(u).
4
Let w be 21*(-4)/(-24)*-1*2. Let k be w/(12/2 - 5). Let s(o) = -o**2 - 6*o + 3. Determine s(k).
-4
Let x(l) be the first derivative of -l**4/4 + 4*l**3 + l**2/2 + 16*l + 234. Let p(m) = 3*m**3 - 34*m**2 - 3*m - 48. Let i(k) = 6*p(k) + 17*x(k). Determine i(0).
-16
Suppose 4*z - 222 = 50. Let x(o) = 69*o + z*o + 2 - 136*o. Let g = 8 + -4. What is x(g)?
6
Let j(u) = 109*u**3 - 7*u**2 - 2*u - 6. Let x(d) = -91*d**3 + 7*d**2 + 2*d + 7. Let v(a) = -5*j(a) - 6*x(a). Determine v(7).
-26
Suppose 2*m - 2*j - 30 = -0*m, 2*j - 90 = -4*m. Suppose -m = 5*z - 2*v, -z - 4*z = 2*v. Let l(h) = -1 + 4 + 3 + h - 2*h - 4. Determine l(z).
4
Let j(i) = -i + 4. Let k(s) = 3*s**2 - 3*s - 58. Let u be k(6). Suppose -u*q + 20 = -36*q, -2*q - 7 = -t. Give j(t).
7
Let j(q) be the first derivative of -q**6/360 + q**5/30 + 5*q**4/24 - 4*q**3 - q**2 - 107. Let r(d) be the third derivative of j(d). Calculate r(5).
0
Let r(z) be the second derivative of -z**5/20 + 3*z**4/4 + z**3/2 + 7*z**2 - 1083*z. Give r(9).
41
Suppose 0 = -3*u - 5*g + 216, -g + 151 = 2*u - 0*u. Let v be (-4)/(-10) - u/55. Let d(r) be the second derivative of -r**3/6 - r. What is d(v)?
1
Let g = 223 - 201. Let w(c) = c**2 - 44*c + 36*c + g*c - 1. What is w(-7)?
-50
Let d(n) be the first derivative of 13*n**3/3 - 2. Let s = 18 + 101. Let k = 118 - s. Determine d(k).
13
Let f = -307 - -260. Let a = f + 51. Let q(u) = -u + 1. Determine q(a).
-3
Let y(a) = a**2 - 2*a - 1. Suppose -w - 2*g - 14 = 0, 0 = -w + 4*w + 5*g + 37. Let z be (-6)/(-15) + 26*w/(-40). Calculate y(z).
2
Suppose -n - 8 = 3*d + 1, 5*d + 14 = -2*n. Suppose -v = -2*v - n, 4*i - 1 = -5*v. Let s(q) = -2*q**2 + 2*q - 2. Determine s(i).
-26
Let u(a) be the third derivative of -a**7/2520 + a**6/36 - 29*a**5/12 + 130*a**2. Let k(p) be the third derivative of u(p). Calculate k(8).
4
Let d(r) = -4*r - 2*r - 2 + 4*r + 4. Suppose -208 = -4*c - 208. Suppose -15 = -5*a - 5*v - c*v, -23 = -5*a - v. Calculate d(a).
-8
Let a(h) = h**2 + 4*h - 6. Suppose r - 184*y + 189*y - 40 = 0, 2*y - 16 = 5*r. Determine a(r).
-6
Let v(s) = -5*s + 229. Let w(d) = -2*d + 76. Let l(u) = 4*v(u) - 11*w(u). Let k be l(-34). Let r(h) = -2*h + 17. What is r(k)?
-7
Let v(u) = -2*u - 8 + 0 + 7 - 3*u**2. Suppose -5*z + 0 = -20. Suppose 3*c - 7 = 2*c - 2*i, -z*i + 23 = -c. Calculate v(c).
-22
Let y(o) = 42*o - 163*o + 36*o + 38*o + 35*o. Let c be 1*-1*(4 + 2). Let k(z) = z**2 + 6*z - 1. Let m be k(c). Determine y(m).
12
Let b = -4206 - -4214. Let g(h) be the first derivative of b - 1/3*h**3 + 7/2*h**2 - 4*h. Calculate g(7).
-4
Let f(k) = -2*k - 1. Let j(l) = l**3 - 24*l**2 + 36*l - 21. Let o be j(6). Let c = o + 451. Determine f(c).
3
Suppose -17*d - 29*d = 2*d. Let u(f) be the first derivative of f**4/12 + f**3/6 - 3*f**2/2 + 6*f + 2. Let b(x) be the first derivative of u(x). Give b(d).
-3
Let c = -4434 + 4435. Let y(r) = -42*r**2 + r - 2. Calculate y(c).
-43
Let z(d) be the first derivative of -d**7/840 - d**6/360 - d**5/120 - 5*d**4/4 - d**3/3 - 16*d**2 + 291. Let n(o) be the third derivative of z(o). What is n(0)?
-30
Let j = -281 + 288. Let q(g) = -15 - j*g - g**3 + 9 + 3 + 5*g**2 - 14*g**2. What is q(-8)?
-11
Let n(j) = -1058*j + 2249*j - 392 - 1125*j. Determine n(6).
4
Let c = 1907 + -1894. Let p(t) be the second derivative of 1/20*t**5 - 1/2*t**2 + 0 - 1/6*t**3 - c*t + 1/4*t**4. Determine p(-3).
2
Let c(m) = -4*m + 16. Let a be c(4). Let f(n) = 3 - 7 + a*n + 2*n - 3 - 5*n. Determine f(-2).
-1
Let i(d) = -d**3 + 7*d**2 - 5*d + 5. Let c = 266 + -311. Let l be 0 + 2 + (c - -48). Calculate i(l).
30
Let o be (15/5 - 0)*1. Let w be ((-4)/o)/(4/6). Let i(c) be the second derivative of -c**3/6 - c**2/2 - 14*c. Determine i(w).
1
Let a(t) = -t**2 + 4*t - 2*t**2 + 5*t**2 - 2. Suppose -3*n - 19 = 2*z, -2*z - 2*n + 608 - 624 = 0. Determine a(z).
28
Let d = 402 - 398. Let j(y) = -d*y + 4*y**3 - 13 - y**3 + 23 - 4*y**3 - 14 - y**2. Determine j(-3).
26
Let c(t) = -7*t**2 - 33*t - 31. Let y(z) = 11*z**2 + 48*z + 46. Let a(p) = -8*c(p) - 5*y(p). Determine a(-19).
-77
Let k(m) = -m**2 - m. Let j(h) = -2*h**2 - h. Let c(p) = -j(p) - 2*k(p). Suppose -4*q + 0*f + 24 = 4*f, 0 = -q + 3*f + 14. Suppose 4*g + 16 = q. Calculate c(g).
10
Let s(z) = -z**3 + 11*z**2 - 11*z + 14. Let d be (54/12)/1*100/45. Determine s(d).
4
Suppose 3*d + 10*d - 117 = 0. Suppose -108 + 135 = d*b. Let t(f) = -4*f**2 + f - 3. Determine t(b).
-36
Suppose 4*i = 4*f + 156, 12*i - 213 = 7*i - 4*f. Suppose -33*l = -i*l - 16. Let w(u) = -7*u - 4. Calculate w(l).
10
Let r be 31 + -26 - 34/(-2). Suppose -18*y - 28 = -r*y. Suppose 0 = y*j + 2*j - 0*j. Let i(d) = -d**2 + 6. Calculate i(j).
6
Let c(f) = 5*f**3 + 21*f**2 - 16*f - 4. Let u(n) = -3*n**2 + 2*n + 1. Let b(q) = c(q) + 6*u(q). Calculate b(1).
6
Let g(y) be the third derivative of -5*y**4/8 + y**3/6 + 1632*y**2. Give g(2).
-29
Suppose 0 = -12*x - 6*x + 36. Let d be (-12)/(-18)*1/(x/(-12)). Let j(l) = -l + 3. Calculate j(d).
7
Let f(t) = -2*t**2 - t + 1. Let x(o) = 11*o**2 + 12*o - 8. Let n(w) = 6*f(w) + x(w). Let y(q) = -q**2 + 8*q - 8. Let h be y(2). What is n(h)?
6
Let v(n) = -3*n**3 - 8*n**2 - 15*n + 7. Let p(y) = -4*y**3 - 9*y**2 - 19*y + 7. Let h(t) = -4*p(t) + 5*v(t). Give h(3).
1
Let l(i) = -26 - 38*i - 27 + 22 + 9*i + 39 - i**3 - 17*i**2. Determine l(-15).
-7
Let o(q) be the first derivative of q**3/3 + q**2/2 + q - 3245. Let f = -9 + 4. Determine o(f).
21
Suppose -k + 11 = 6. Suppose -k*y - 27 - 13 = 0. Let b = -1 + y. Let l(q) = q**2 + 8*q - 9. Determine l(b).
0
Suppose 0*q = -q + 5*r + 45, -2*q + 65 = -5*r. Let f(p) = -q + 39*p - 15*p - 15*p - 10*p. Determine f(0).
-20
Let o(x) be the second derivative of -x**4/4 - 2*x**3/3 - x**2/2 - 669*x - 4. Let p(v) = -v**3 - 2*v**2 + 3*v - 3. Let w be p(-3). What is o(w)?
-16
Let y(s) = -s**2 + 0*s**2 - 4 + 7 + 0*s**2 - 9*s. Suppose 3*v = -2*d + 5*v - 24, 0 = -16*d + v - 162. Determine y(d).
-7
Let p(i) be the third derivative of -i**6/60 + 7*i**5/30 - 2*i**4/3 + 10*i**3/3 - 7*i**2 + 93*i. Determine p(6).
-4
Let d be 144/14 + (-20)/70. Let b(u) be the third derivative of u**5/60 - 5*u**4/12 + 7*u**3/6 - 8*u**2 - 17*u. What is b(d)?
7
Suppose -26*j + 11*j = 39*j - 378. Let i(c) = c**3 - 6*c**2 - 4*c - 20. Determine i(j).
1
Let a(j) = j**3 + 6*j**2 - 7*j - 4. Let q(w) = 1 + 2 - 4 - 4*w + 2. Let p be (-8)/26*104/(-16). Let d be q(p). Determine a(d).
-4
Let z(o) be the first derivative of -o**4/4 + 9*o**3 + 29*o**2/2 + 17*o + 8709. What is z(28)?
45
Let l(p) = -10*p**3 + 10*p**2 - p + 14. Let z be (55/(-88))/(2 - (-51)/(-24)). Let v(k) = 7*k**3 - 7*k**2 + k - 10. Let d(m) = z*l(m) + 7*v(m). What is d(2)?
0
Let z(n) be the first derivative of n**2 - 44*n + 3146. What is z(19)?
-6
Suppose 9*r = -16*r + 50. Let b(p) = -5*p**r + 5*p - 3 + 14*p - p**3 - 20*p + 0*p**3. Give b(-4).
-15
Let z(f) = 5 - 5*f**2 - f**3 - 15 + 5 + 6 - f. Suppose q - 18 = -5*c, -3*c = q - 2*q - 6. Suppose c*s = 7*s + 20. Give z(s).
6
Suppose -3*h + 2*w = -21, 23*w - 35 = -5*h + 22*w. Let n(s) = -6*s**2 + 22*s**2 - h*s**2 - 11*s**2 - 1 - 2*s. What is n(2)?
-13
Let j(s) = -s - 3. Let k = -3217 + 3177. Let m = 54 + -104. Let w = m - k. Give j(w).
7
Let i(s) = -s**2 - 5*s + 7. Let m be i(-7). Let x(r) be the second derivative of -r**4/1